 = t + 271. What is the units digit of v?
6
What is the ten thousands digit of (21 - 3392/159)/((0 + -1)/187977)?
6
Suppose -355*t - 6 = -358*t. What is the hundreds digit of (28/(-42))/(t/(-3))*225?
2
Let p = 1410 - -91. What is the units digit of p?
1
Let w = -148 + 204. Suppose -w*k = -44*k - 696. What is the tens digit of k?
5
Suppose 0 = 12*w - 7061 - 10279. Let z = w + -1029. What is the units digit of z?
6
Suppose 5*m + 5 = 0, 0 = -0*s - 2*s - 5*m + 2073. Suppose -6*l + 3053 = -s. What is the units digit of l?
2
Suppose 8*c = 13*c - 25. Suppose -4*i = c*i. Suppose -3*f = -i*f - 138. What is the units digit of f?
6
Let h be -4 - (-4)/(20/(-475)). Let i = -97 - h. Suppose 4*v - i*v - 198 = f, -f = 3*v - 302. What is the units digit of v?
0
Let i(k) = -20*k + 106. Let u be i(5). What is the tens digit of ((-1532)/u)/((-10)/15)?
8
Let b = 107 - 91. Let n be 4 - (-1 - 3/(-1)). Suppose b = n*x - 20. What is the tens digit of x?
1
Let n(q) be the second derivative of -25*q**3/6 - 21*q**2 + 35*q. What is the hundreds digit of n(-15)?
3
Let t = -47 + 38. Let b be (11 + -13)*t/2. Suppose 0 = -0*u + b*u - 207. What is the units digit of u?
3
Let l = 8027 - -12334. What is the thousands digit of l?
0
Let r(l) = 12*l**2 + 6*l + 3. Let s be r(-3). Let w = s + 483. Suppose 0 = h - 7*h + w. What is the tens digit of h?
9
Let g be ((-258)/215)/((-2)/5). Suppose -1042 = -17*i + 13*i + 5*w, -i + 264 = -g*w. What is the units digit of i?
8
Let o = 117985 - 50827. What is the ten thousands digit of o?
6
Suppose 0 = 3*f + 5*d - 23264, -5*d - 36493 = -3*f - 13209. What is the units digit of f?
8
Suppose 3*o - 3*s + 166 = o, 2*o = -4*s - 166. Let u = 897 + o. What is the hundreds digit of u?
8
Suppose 6*f - 2443 - 245 = 0. Suppose -7*c - f + 1435 = 0. What is the hundreds digit of c?
1
Suppose -42*a - 5*c - 9514 = -43*a, 3*a + 3*c = 28578. What is the thousands digit of a?
9
Let v(s) = 5*s + 2. Let z be v(6). Let p(g) = 5*g**3 - 2*g**2 + 11*g - 23. Let d be p(2). Let k = z - d. What is the units digit of k?
1
Let c = -106 - -206. Suppose -v + 5*p + c = 0, -v + 3*p = -154 + 54. What is the units digit of v?
0
Suppose 0 = -5*p - 5, 2447*p - 2448*p - 36843 = -s. What is the thousands digit of s?
6
Let h(u) be the second derivative of -u**2 - 13/2*u**3 - u + 0. What is the tens digit of h(-1)?
3
Suppose 788628 = 27*d - 30282. What is the tens digit of d?
3
Let u = -17012 + 45821. What is the tens digit of u?
0
What is the ten thousands digit of 148*(21879/(-12))/(-17)?
1
Suppose -60*y = 14*y - 14*y - 746640. What is the units digit of y?
4
Let d(b) = b**3 - 6*b**2 - 13*b - 6. Let s = 86 - 70. Suppose -o + 8 = -2*m, 2*o = 4*o - 5*m - s. What is the units digit of d(o)?
8
What is the hundreds digit of (-2)/(-2)*-1*(-3138 + -1695)?
8
Let c(b) = 21*b + 198. Let w be c(9). Suppose -3*d = -d - 6. Suppose -3*u = p + 2*p - w, 391 = d*p - u. What is the hundreds digit of p?
1
Let r(m) = -2*m**3 - 2*m**2 + m. Let g be r(1). What is the units digit of 8 + -3 + (g - -3)?
5
Suppose -4*h + 3702 = -6078. Suppose 0 = 13*n - h - 1936. What is the units digit of n?
7
Let d(m) = -13*m - 33 + 67 + 189*m**2 - 21. What is the units digit of d(1)?
9
Suppose -3*h + 4 = 2*p - 4*p, -3*p + 3 = 0. Suppose h*b - 4*b - 2*t = -1224, -5*t + 1834 = 3*b. What is the tens digit of b?
1
Suppose -28*j = -16179 - 27389. What is the tens digit of j?
5
Let c(s) = 3*s**3 + s**2 - 17*s + 151. What is the units digit of c(11)?
8
Let f(z) = -z**3 + 10*z + 6. Let h be f(-4). Let u be (-2 - h/(-16))*6*164. Let m = u - -211. What is the tens digit of m?
8
Let l be 2*(-15)/(-50) - (-2512)/5. Let y = -210 + l. Suppose y + 857 = 5*q. What is the tens digit of q?
3
Let w(f) = 3*f + 465. Let v be w(0). Suppose -u + v = -330. Suppose -14*j + 9*j + u = 0. What is the hundreds digit of j?
1
Suppose -4*i = 2*o - 16, 7*i = 2*i + 20. Suppose o = 3*p + l - 40, -p = 3*p - 5*l - 28. Let j = -11 + p. What is the units digit of j?
1
Let r be 50/18 - ((-14)/(-18) + -1). Suppose 3 = -d + 2*d. Suppose 9 = -d*b, 0*b - r*b = 4*g - 779. What is the units digit of g?
7
Let g be 196 - -1 - (-16 - -13). Let f = g - 176. What is the units digit of f?
4
Suppose 2*v - 6 - 18 = 2*z, -3*z = 2*v + 1. What is the tens digit of 6 + (-42)/v - -25?
2
Suppose -o + 4*x = -28539, 6*o - 400*x = -399*x + 171165. What is the units digit of o?
7
Let a(r) = 17*r + 6. Let z be a(6). Let p(w) = -w + 222. Let c be p(26). Suppose -v + 4*f - 38 = -z, -5*f - c = -3*v. What is the tens digit of v?
6
What is the tens digit of (35 + -18)*4/((-12)/(-129))?
3
Let c(m) = 3*m**2 - 5*m**2 - 7*m - 1 + 0*m**2 + m**3. Let d be (32/12 - 3)/(2/(-36)). What is the tens digit of c(d)?
0
Suppose 0 = -7*i + 4541 - 523. Suppose -8*j + i + 770 = 0. What is the hundreds digit of j?
1
Suppose -112 = 4*h - 4*f, -3*f + 56 = -7*h + 5*h. Let u be 2 + (56/(-2) - 1). What is the hundreds digit of (u - 0)*11/(66/h)?
1
Suppose -142*h = -138*h - 5*d - 29243, 2*d = -3*h + 21961. What is the units digit of h?
7
Let x = 521 + -511. Let j(n) = 10*n**2 - 20*n - 6. What is the units digit of j(x)?
4
Suppose 6*w + 15 = 9*w. Suppose 35 = w*m - 5*z + 15, m + 2*z = -11. What is the tens digit of 0/2 - (m + -35 + -2)?
3
Suppose -14*y + 26 = -y. Let i be y/6 - 154/(-33). Suppose 6*b - 179 = i*b. What is the units digit of b?
9
Let t be 18*((-34)/(-10) + 10/(-25)). Let y = 121 - t. Suppose 0 = -y*r + 65*r + 124. What is the units digit of r?
2
Suppose 3*x = 2*m + m + 25887, -x = -5*m - 8645. What is the thousands digit of x?
8
Let g = -252 - -247. Let b(u) = 26*u**2 + u + 12. What is the hundreds digit of b(g)?
6
Let o be 4/(-10) + (-1362)/(-30). Let b = o + -44. What is the units digit of (b/(-2))/(3 - 475/158)?
9
Suppose 0 = -13*i - 14*i + 324486. What is the tens digit of i?
1
Let t(s) = -s**3 - 25*s**2 + 28*s - 52. Let i be t(-26). Let r = i - -207. What is the hundreds digit of r?
1
Let d(u) = 821*u**2 + 85*u - 351. What is the hundreds digit of d(5)?
5
Suppose 0 = 27*i - 647 - 541. Suppose 0 = 4*n - 2*p - 648, 2*p - 157 = -45*n + i*n. What is the tens digit of n?
6
Let w = 43 + -41. Suppose -4*g = -4*v - 1564, v - 3*v + 786 = w*g. What is the units digit of g?
2
Let j(z) = -40*z + 15. Let v = -75 + 72. Let w be j(v). What is the hundreds digit of 9/(w/(-170))*-21?
2
Suppose 8*m - 97 - 18722 = 3717. What is the hundreds digit of m?
8
Let d = -22538 + 31915. What is the units digit of d?
7
Let j = 90144 - 55219. What is the tens digit of j?
2
What is the hundreds digit of (-12194)/(-78)*276 - -16?
1
Suppose 0 = -3*o + 4*f + 407, -2 = -66*f + 67*f. Suppose -s = j - o, -2*s = -0*j - 5*j - 259. What is the tens digit of s?
3
What is the hundreds digit of (44/(-66))/(50/(-120)*(-4)/(-28190))?
2
Let i = -624 - -1084. Let n = 575 - i. What is the hundreds digit of n?
1
What is the units digit of 11/(15/147420*14)?
2
Let l(d) = d**3 - 3*d**2 - d + 6. Let j be l(3). Suppose -319 = j*m + 125. What is the hundreds digit of 18 - 15 - (m + 0)?
1
Let w = -403 - -715. Suppose 7*m = 549 + w. Suppose 111 = h - z, h + 2*z = 6*z + m. What is the units digit of h?
7
Let p(h) be the first derivative of h**3 - 9*h**2/2 - 6*h + 15. Let u be p(19). Suppose 0 = -7*d + u + 571. What is the hundreds digit of d?
2
Let t(l) be the third derivative of -l**5/60 + l**4 - 35*l**3/6 - 5*l**2. Let o be (-1)/7 - (-775)/35. What is the units digit of t(o)?
9
Suppose -w - 4*w - 26 = -q, 4*q = -4*w + 8. Let g be 4/(-3)*27/q. Let a = 35 - g. What is the tens digit of a?
4
Suppose -13*x + 4*z - 70108 = -17*x, 0 = 3*z - 3. What is the hundreds digit of x?
5
Let u = 341 - 334. What is the tens digit of 47/2*(16 + (-56)/u)?
8
Let t(y) = 34*y + 27. Let j be t(5). Suppose j = 3*v + 56. What is the tens digit of v?
4
Suppose -30*w - 3*d = -33*w + 9282, 2*w - 4*d - 6180 = 0. What is the tens digit of w?
9
Let a be (-58)/(-15) - ((-644)/105 - -6). Suppose -a*z - 172 = -n - 0*z, -3*z = -12. What is the tens digit of n?
8
Let w(g) = 202*g**3 + 5*g**2 + 6*g - 43. What is the tens digit of w(4)?
8
What is the thousands digit of ((-12)/12)/((-2)/(-78104)*-4)?
9
Let z = 66 - 66. What is the tens digit of (z - (-9837)/21) + 36/63?
6
Let p be 5978/21 + 1/3. Suppose -367 = -4*n + 3*v, -13*n + 16*n = -v + p. What is the units digit of n?
4
What is 